 3763.
53
What is the greatest common divisor of 18 and 1134?
18
What is the highest common factor of 18 and 1602?
18
Calculate the highest common factor of 106 and 4293.
53
What is the highest common factor of 40 and 70?
10
Calculate the highest common divisor of 19 and 323.
19
Calculate the greatest common divisor of 40 and 216.
8
Calculate the greatest common divisor of 45 and 3015.
45
What is the highest common divisor of 94 and 1645?
47
Calculate the greatest common divisor of 25 and 2.
1
Calculate the highest common factor of 112 and 4912.
16
What is the highest common factor of 69 and 1357?
23
Calculate the greatest common divisor of 471 and 13816.
157
Calculate the greatest common factor of 63 and 4473.
63
Calculate the greatest common divisor of 579 and 13703.
193
What is the highest common factor of 72 and 198?
18
What is the greatest common divisor of 121 and 187?
11
What is the greatest common divisor of 145 and 8845?
145
Calculate the highest common factor of 10 and 2.
2
What is the greatest common divisor of 96 and 1632?
96
Calculate the highest common factor of 39 and 26.
13
What is the highest common divisor of 11312 and 101?
101
Calculate the greatest common factor of 23 and 7.
1
Calculate the highest common divisor of 63 and 21.
21
What is the greatest common factor of 148 and 962?
74
What is the highest common factor of 1 and 12?
1
Calculate the greatest common factor of 474 and 316.
158
What is the greatest common divisor of 76 and 380?
76
What is the greatest common factor of 51 and 357?
51
What is the greatest common factor of 132 and 2832?
12
What is the greatest common factor of 86 and 24338?
86
What is the greatest common divisor of 14 and 13538?
14
What is the greatest common factor of 17906 and 14?
14
What is the highest common divisor of 4 and 82?
2
Calculate the greatest common divisor of 138 and 598.
46
Calculate the highest common divisor of 195 and 5655.
195
What is the greatest common factor of 228 and 361?
19
Calculate the greatest common factor of 29 and 145.
29
What is the greatest common divisor of 8315 and 5?
5
What is the greatest common factor of 8985 and 15?
15
Calculate the highest common factor of 27 and 261.
9
Calculate the highest common divisor of 111 and 3.
3
Calculate the greatest common factor of 3832 and 8.
8
Calculate the greatest common divisor of 14 and 434.
14
What is the greatest common divisor of 192 and 636?
12
What is the greatest common factor of 210 and 56?
14
Calculate the greatest common factor of 115 and 5.
5
What is the greatest common factor of 35 and 10?
5
What is the highest common factor of 32 and 1?
1
What is the greatest common factor of 13 and 39?
13
Calculate the highest common divisor of 75 and 2325.
75
Calculate the highest common divisor of 918 and 68.
34
What is the highest common divisor of 1960 and 120?
40
What is the greatest common factor of 79 and 237?
79
What is the highest common factor of 275 and 200?
25
What is the highest common factor of 1474 and 67?
67
Calculate the highest common divisor of 40 and 1660.
20
What is the greatest common factor of 236 and 590?
118
Calculate the highest common factor of 66 and 231.
33
Calculate the highest common factor of 190 and 76.
38
Calculate the highest common divisor of 5537 and 147.
49
Calculate the highest common divisor of 10945 and 398.
199
Calculate the greatest common divisor of 12 and 2644.
4
Calculate the greatest common factor of 72 and 90.
18
What is the greatest common divisor of 126 and 30?
6
What is the greatest common divisor of 39 and 93?
3
Calculate the greatest common factor of 24 and 3.
3
Calculate the greatest common factor of 46 and 23.
23
Calculate the greatest common factor of 385 and 875.
35
Calculate the greatest common factor of 81 and 621.
27
Calculate the highest common divisor of 21 and 5943.
21
Calculate the greatest common factor of 1182 and 6.
6
Calculate the highest common divisor of 1044 and 1008.
36
Calculate the greatest common divisor of 10 and 3790.
10
What is the greatest common factor of 390 and 40?
10
Calculate the greatest common divisor of 1596 and 168.
84
Calculate the highest common divisor of 36 and 3258.
18
What is the greatest common factor of 5 and 2455?
5
What is the highest common divisor of 144 and 18?
18
What is the greatest common divisor of 57 and 19?
19
What is the highest common factor of 6552 and 280?
56
Calculate the greatest common factor of 182 and 13.
13
What is the greatest common divisor of 1649 and 291?
97
What is the highest common divisor of 290 and 232?
58
What is the highest common factor of 20 and 292?
4
What is the highest common factor of 5 and 4575?
5
What is the highest common factor of 2980 and 10?
10
Calculate the greatest common factor of 28458 and 153.
153
Calculate the greatest common factor of 63 and 1557.
9
What is the greatest common divisor of 22 and 10?
2
Calculate the greatest common divisor of 209 and 38.
19
Calculate the greatest common factor of 6095 and 207.
23
What is the highest common factor of 64 and 3?
1
Calculate the highest common factor of 13 and 793.
13
What is the highest common factor of 155 and 62?
31
Calculate the greatest common divisor of 35 and 42490.
35
What is the highest common factor of 533 and 82?
41
Calculate the greatest common divisor of 81 and 324.
81
Calculate the highest common factor of 12 and 1302.
6
Calculate the highest common divisor of 15 and 240.
15
Calculate the highest common factor of 175 and 35.
35
What is the greatest common factor of 7 and 581?
7
Calculate the greatest common factor of 18710 and 10.
10
What is the highest common divisor of 615 and 3198?
123
What is the greatest common divisor of 108 and 516?
12
Calculate the highest common factor of 3839 and 11.
11
Calculate the greatest common factor of 108 and 50004.
108
Calculate the greatest common divisor of 2413 and 19.
19
What is the highest common factor of 207 and 391?
23
Calculate the greatest common factor of 1968 and 369.
123
Calculate the greatest common divisor of 1520 and 475.
95
Calculate the greatest common factor of 39 and 78.
39
Calculate the highest common divisor of 720 and 24240.
240
What is the highest common divisor of 65 and 85?
5
What is the greatest common factor of 846 and 126?
18
Calculate the greatest common divisor of 31 and 3131.
31
Calculate the highest common factor of 18 and 279.
9
What is the greatest common divisor of 15 and 6560?
5
What is the greatest common factor of 595 and 1445?
85
What is the highest common factor of 96 and 1024?
32
What is the highest common factor of 559 and 1651?
13
What is the highest common factor of 119 and 7?
7
Calculate the greatest common divisor of 270 and 240.
30
What is the highest common divisor of 832 and 780?
52
Calculate the highest common factor of 187 and 121.
11
What is the highest common factor of 8378 and 354?
118
Calculate the greatest common divisor of 1280 and 400.
80
Calculate the highest common divisor of 689 and 212.
53
What is the greatest common divisor of 94 and 799?
47
Calculate the greatest common divisor of 58 and 2059.
29
What is the greatest common factor of 5 and 545?
5
Calculate the highest common divisor of 36 and 132.
12
Calculate the highest common divisor of 141 and 7661.
47
What is the highest common divisor of 824 and 8?
8
Calculate the greatest common divisor of 35 and 259.
7
What is the greatest common factor of 275 and 75?
25
Calculate the greatest common divisor of 1390 and 20.
10
What is the highest common factor of 384 and 96?
96
Calculate the greatest common divisor of 280 and 1792.
56
What is the highest common divisor of 34 and 1054?
34
What is the greatest common factor of 570 and 432?
6
Calculate the greatest common divisor of 3745 and 140.
35
Calculate the greatest common factor of 10143 and 14.
7
Calculate the highest common factor of 98 and 14.
14
What is the greatest common divisor of 11 and 6809?
11
What is the greatest common factor of 36 and 126?
18
What is the highest common divisor of 32 and 20?
4
Calculate the highest common divisor of 108 and 138.
6
Calculate the highest common factor of 720 and 24.
24
What is the greatest common divisor of 403 and 31?
31
What is the greatest common divisor of 2384 and 16?
16
Calculat